{"id":2066,"date":"2014-07-14T22:58:36","date_gmt":"2014-07-14T22:58:36","guid":{"rendered":"http:\/\/demo.athemes.com\/moesia\/?page_id=2066"},"modified":"2023-07-18T10:29:21","modified_gmt":"2023-07-18T10:29:21","slug":"blog","status":"publish","type":"page","link":"http:\/\/blog.profesordefrances.es\/?page_id=2066","title":{"rendered":"Blog"},"content":{"rendered":"<div id=\"pl-2066\"  class=\"panel-layout\" ><div id=\"pg-2066-0\"  class=\"panel-grid panel-no-style\" ><div id=\"pgc-2066-0-0\"  class=\"panel-grid-cell\" >\n\t\t<div id=\"panel-2066-0-0-0\" class=\"so-panel widget widget_recent-posts widget_recent_entries panel-first-child panel-last-child\" data-index=\"0\" >\n\t\t<h3 class=\"widget-title\">Derniers articles<\/h3><nav aria-label=\"Derniers articles\">\n\t\t<ul>\n\t\t\t\t\t\t\t\t\t\t\t<li>\n\t\t\t\t\t<a href=\"http:\/\/blog.profesordefrances.es\/?p=2877\">Chanson &#8211; Mercy<\/a>\n\t\t\t\t\t\t\t\t\t\t\t<span class=\"post-date\">20 octubre, 2019<\/span>\n\t\t\t\t\t\t\t\t\t<\/li>\n\t\t\t\t\t\t\t\t\t\t\t<li>\n\t\t\t\t\t<a href=\"http:\/\/blog.profesordefrances.es\/?p=2849\">Deux notes d&#8217;Albert Einstein, dont l&#8217;une sur le bonheur, mises aux ench\u00e8res<\/a>\n\t\t\t\t\t\t\t\t\t\t\t<span class=\"post-date\">22 octubre, 2017<\/span>\n\t\t\t\t\t\t\t\t\t<\/li>\n\t\t\t\t\t\t\t\t\t\t\t<li>\n\t\t\t\t\t<a href=\"http:\/\/blog.profesordefrances.es\/?p=2846\">Lille M\u00e9tropole d\u00e9sign\u00e9e \u00abcapitale mondiale du design\u00bb en 2020<\/a>\n\t\t\t\t\t\t\t\t\t\t\t<span class=\"post-date\">15 octubre, 2017<\/span>\n\t\t\t\t\t\t\t\t\t<\/li>\n\t\t\t\t\t\t\t\t\t\t\t<li>\n\t\t\t\t\t<a href=\"http:\/\/blog.profesordefrances.es\/?p=2843\">Vitres teint\u00e9es: Un premier PV annul\u00e9 par la justice<\/a>\n\t\t\t\t\t\t\t\t\t\t\t<span class=\"post-date\">15 octubre, 2017<\/span>\n\t\t\t\t\t\t\t\t\t<\/li>\n\t\t\t\t\t\t\t\t\t\t\t<li>\n\t\t\t\t\t<a href=\"http:\/\/blog.profesordefrances.es\/?p=2833\">Fausses infos : comment les reconna\u00eetre ?<\/a>\n\t\t\t\t\t\t\t\t\t\t\t<span class=\"post-date\">24 septiembre, 2017<\/span>\n\t\t\t\t\t\t\t\t\t<\/li>\n\t\t\t\t\t\t\t\t\t\t\t<li>\n\t\t\t\t\t<a href=\"http:\/\/blog.profesordefrances.es\/?p=2830\">Loup Bureau, journaliste emprisonn\u00e9 en Turquie<\/a>\n\t\t\t\t\t\t\t\t\t\t\t<span class=\"post-date\">24 septiembre, 2017<\/span>\n\t\t\t\t\t\t\t\t\t<\/li>\n\t\t\t\t\t\t\t\t\t\t\t<li>\n\t\t\t\t\t<a href=\"http:\/\/blog.profesordefrances.es\/?p=2825\">\u00abNe fais pas \u00e7a\u00bb<\/a>\n\t\t\t\t\t\t\t\t\t\t\t<span class=\"post-date\">20 septiembre, 2017<\/span>\n\t\t\t\t\t\t\t\t\t<\/li>\n\t\t\t\t\t<\/ul>\n\n\t\t<\/nav><\/div><\/div><\/div><\/div>","protected":false},"excerpt":{"rendered":"<p>Derniers articles Chanson &#8211; Mercy 20 octubre, 2019 Deux notes d&#8217;Albert Einstein, dont l&#8217;une sur le bonheur, mises aux ench\u00e8res 22 octubre, 2017 Lille M\u00e9tropole d\u00e9sign\u00e9e \u00abcapitale mondiale du design\u00bb en 2020 15 octubre, 2017 Vitres teint\u00e9es: Un premier PV annul\u00e9 par la justice 15 octubre, 2017 Fausses infos : comment les reconna\u00eetre ? 24 [&hellip;]<\/p>\n","protected":false},"author":2,"featured_media":0,"parent":0,"menu_order":0,"comment_status":"closed","ping_status":"closed","template":"","meta":{"footnotes":""},"class_list":["post-2066","page","type-page","status-publish","hentry"],"_links":{"self":[{"href":"http:\/\/blog.profesordefrances.es\/index.php?rest_route=\/wp\/v2\/pages\/2066","targetHints":{"allow":["GET"]}}],"collection":[{"href":"http:\/\/blog.profesordefrances.es\/index.php?rest_route=\/wp\/v2\/pages"}],"about":[{"href":"http:\/\/blog.profesordefrances.es\/index.php?rest_route=\/wp\/v2\/types\/page"}],"author":[{"embeddable":true,"href":"http:\/\/blog.profesordefrances.es\/index.php?rest_route=\/wp\/v2\/users\/2"}],"replies":[{"embeddable":true,"href":"http:\/\/blog.profesordefrances.es\/index.php?rest_route=%2Fwp%2Fv2%2Fcomments&post=2066"}],"version-history":[{"count":10,"href":"http:\/\/blog.profesordefrances.es\/index.php?rest_route=\/wp\/v2\/pages\/2066\/revisions"}],"predecessor-version":[{"id":3014,"href":"http:\/\/blog.profesordefrances.es\/index.php?rest_route=\/wp\/v2\/pages\/2066\/revisions\/3014"}],"wp:attachment":[{"href":"http:\/\/blog.profesordefrances.es\/index.php?rest_route=%2Fwp%2Fv2%2Fmedia&parent=2066"}],"curies":[{"name":"wp","href":"https:\/\/api.w.org\/{rel}","templated":true}]}}

<div id="pl-2066"  class="panel-layout" ><div id="pg-2066-0"  class="panel-grid panel-no-style" ><div id="pgc-2066-0-0"  class="panel-grid-cell" >
		<div id="panel-2066-0-0-0" class="so-panel widget widget_recent-posts widget_recent_entries panel-first-child panel-last-child" data-index="0" >
		<h3 class="widget-title">Derniers articles</h3><nav aria-label="Derniers articles">
		<ul>
											<li>
					<a href="http://blog.profesordefrances.es/?p=2877">Chanson &#8211; Mercy</a>
											<span class="post-date">20 octubre, 2019</span>
									</li>
											<li>
					<a href="http://blog.profesordefrances.es/?p=2849">Deux notes d&#8217;Albert Einstein, dont l&#8217;une sur le bonheur, mises aux enchères</a>
											<span class="post-date">22 octubre, 2017</span>
									</li>
											<li>
					<a href="http://blog.profesordefrances.es/?p=2846">Lille Métropole désignée «capitale mondiale du design» en 2020</a>
											<span class="post-date">15 octubre, 2017</span>
									</li>
											<li>
					<a href="http://blog.profesordefrances.es/?p=2843">Vitres teintées: Un premier PV annulé par la justice</a>
											<span class="post-date">15 octubre, 2017</span>
									</li>
											<li>
					<a href="http://blog.profesordefrances.es/?p=2833">Fausses infos : comment les reconnaître ?</a>
											<span class="post-date">24 septiembre, 2017</span>
									</li>
											<li>
					<a href="http://blog.profesordefrances.es/?p=2830">Loup Bureau, journaliste emprisonné en Turquie</a>
											<span class="post-date">24 septiembre, 2017</span>
									</li>
											<li>
					<a href="http://blog.profesordefrances.es/?p=2825">«Ne fais pas ça»</a>
											<span class="post-date">20 septiembre, 2017</span>
									</li>
					</ul>

		</nav></div></div></div></div>

<p>Derniers articles Chanson &#8211; Mercy 20 octubre, 2019 Deux notes d&#8217;Albert Einstein, dont l&#8217;une sur le bonheur, mises aux enchères 22 octubre, 2017 Lille Métropole désignée «capitale mondiale du design» en 2020 15 octubre, 2017 Vitres teintées: Un premier PV annulé par la justice 15 octubre, 2017 Fausses infos : comment les reconnaître ? 24 [&hellip;]</p>
